= l**3 - l**2 + 3. What is the tens digit of h(g)?
2
Suppose -1320 - 232 = -8*l. Let t = 409 - l. What is the tens digit of t?
1
Let f(l) be the first derivative of l**4/4 - 2*l**3 + 9*l**2/2 - 7. Let b be f(6). Let r = 81 - b. What is the tens digit of r?
2
Let d(h) = -187*h + 9. Let x be d(-5). Suppose 0*r + r = x. What is the units digit of 4/10 + r/40?
4
Suppose 96 = -l - 38. Let v = -74 - l. What is the units digit of (6/(-9))/((-5)/v)?
8
Let u(n) = n**2 + 14*n + 3. What is the units digit of u(11)?
8
Let z be (-57 - 12/4) + 1. Let u = z + 67. What is the units digit of u?
8
Let i = 77 + -36. What is the tens digit of i?
4
Let z be 22/(-33) - 58/3. Let j = z + 24. Suppose -4*k - 48 = -5*n, -4*n + 3*k - j*k + 51 = 0. What is the tens digit of n?
1
Suppose 26*x + 35 = 33*x. Suppose g = -3*c + 207, -152 = -2*c + x*g - g. What is the units digit of c?
0
Let r be 10*5/(-10) - -12. Suppose 3*a + 804 = r*a. What is the tens digit of a?
0
Let o(d) = d + d**3 - 2*d + 3*d**2 - 3*d**2 - 1 + d**2. Let u(l) = -6*l**3 - l**2 + 4*l. Let x(t) = -5*o(t) - u(t). What is the tens digit of x(5)?
3
Let s = -4281 + 6739. What is the units digit of s?
8
Let t(q) = -q**2 - 10*q - 9. Let g be t(-9). Let f(h) = h**2 - 2*h + 40. What is the tens digit of f(g)?
4
Suppose 4*q + 50 = 11802. What is the units digit of q?
8
Suppose 3*u + 20 - 5 = 0. Let t be 1/(-5) + (-31)/u. Suppose -t*f = -3*f - 6. What is the units digit of f?
2
Let o be 5 + -2 - 14/7. Let t(j) be the third derivative of 7*j**4/4 + 17*j**2. What is the units digit of t(o)?
2
Let z be ((-14)/5 - -2)*-5. Let g(b) = b**3 - 2*b**2 - 4*b + 10. What is the units digit of g(z)?
6
Let x = 8854 + -6011. What is the units digit of x?
3
Let k(b) = -b**3 + 4*b**2 + 13*b - 8. Let s be k(6). What is the hundreds digit of (12/s + 2)*234/(-8)?
1
Suppose 2*h - 52 = 4*l, -4*h + h - 18 = 2*l. Let r = l + -6. What is the tens digit of -8*(-2)/(-4) - r?
1
Let z = 43 + -43. Suppose z*h + h - 2*m = 252, -2*h = 2*m - 486. What is the tens digit of h?
4
Suppose 56*y = 52*y + 28. Let f be -2*-6*39/2. Suppose 0 = y*m - 4 - f. What is the units digit of m?
4
Let g(j) = -83*j**3 + 2*j**2 - j. Let u be g(1). Let t = u + 137. What is the units digit of t?
5
Let w(l) = -13*l + 363. What is the units digit of w(7)?
2
Let k = 136 - 278. Let i = -73 - k. What is the tens digit of i?
6
Let l(y) = -y**3 + 13*y**2 + 16*y - 51. What is the units digit of l(13)?
7
What is the units digit of (135/(-20) - -6)/(3/(-15084))?
1
Let k(t) = -t**3 + 6*t**2 - t. Let s be k(6). Let y(o) = 3*o**2 + 12*o + 20. What is the units digit of y(s)?
6
Let p(y) be the first derivative of -y**4/4 - 8*y**3/3 - 9*y**2 - y - 6. What is the units digit of p(-6)?
5
Let h(x) be the third derivative of x**4/24 + x**3/6 + 8*x**2. Let s be h(-4). Let y = 7 + s. What is the units digit of y?
4
What is the units digit of (-9)/(-6)*(-80920)/(-51)?
0
Let p = 3525 + -2370. What is the hundreds digit of p?
1
Let i(p) = -p**2 + 5*p - 3. Let d be i(6). Let q = -25 - d. Let x = 41 + q. What is the tens digit of x?
2
Suppose 2*x + 162 = 3*o, -3*x + 2*x + 3*o - 75 = 0. Let u = x + 160. What is the units digit of u?
3
Let y = 7 + 20. Let a = 48 + -46. Suppose a*g - y = g. What is the units digit of g?
7
Suppose -4*q - 5*v + 4 = -17, -5*q - 4*v = -24. Suppose -161 = -q*h - 5*l, 5*l - l - 121 = -3*h. What is the tens digit of h?
3
What is the units digit of 6 - (-48 - 1 - 2 - -6)?
1
Let w = 359 + 391. What is the units digit of w?
0
Let i be -6*(3 - 34/6). Suppose 22 = -i*p + 18*p. What is the units digit of (p/3)/((-10)/(-30))?
1
Suppose -19*g + 5*g = -12418. What is the tens digit of g?
8
Let i be 1/7 - (6 - 906/(-21)). What is the units digit of 22/(-5)*(i - 7/7)?
0
Suppose 2*x - 2 = 2. Suppose -6*m = x*m - 160. What is the units digit of m?
0
Let r(g) = 5*g + 2. Let y(j) = 9*j + 4. Let t(v) = 13*r(v) - 6*y(v). What is the hundreds digit of t(10)?
1
Let t be (12/(-14))/(14/(-49)). Suppose t*l + 4*g = l + 378, -171 = -l + 4*g. What is the tens digit of l?
8
What is the thousands digit of (-406392)/(-392) + 4/14?
1
What is the thousands digit of 51475/20 + (-3)/16*4?
2
Let d be -2 + -3 + 1 - (-11 + 2). Suppose 4*t = -v + 862, 0 = t - 2*t + d*v + 226. What is the units digit of t?
6
Let v(g) = g**3 - 14*g**2 - 12*g - 40. Let t be v(15). Suppose -4*o = 14 - 550. What is the units digit of 2/t*(-9 + o)?
0
Let q(h) = 3*h**3 - 4*h**3 + 4*h**2 - 6*h**2 - 2 + 4 + 4*h. Let j be q(-3). What is the tens digit of (-3480)/(-105) - j/(-7)?
3
Let z(f) = -3*f. Let n be z(-7). What is the units digit of n/(-28) - (-158)/8?
9
Let m = 434 + -309. Suppose 2*j - 1 - m = 0. What is the units digit of j?
3
Let j = 16 - 20. Let i be 0 + (3 - -2) + j. Suppose -m = -i - 2. What is the units digit of m?
3
Let n(m) = -m**3 - 4*m**2 + 3. Let c be n(-3). Let t(x) be the first derivative of -x**4/4 - 7*x**3/3 - 7*x**2/2 - 4*x - 22. What is the units digit of t(c)?
2
Suppose -1877*f + 1881*f = 10616. What is the hundreds digit of f?
6
Let a = 5 + 1. Suppose 16*z - a*z - 400 = 0. What is the units digit of z?
0
Let h = -655 - -1225. What is the hundreds digit of h?
5
Let g(p) be the first derivative of p**5/60 - p**4/8 + 7*p**3/6 + 3*p**2/2 - 1. Let y(j) be the second derivative of g(j). What is the tens digit of y(6)?
2
Let k be ((-4)/6 + 680/(-6))/(-1). Suppose -3*p + 339 = -k. What is the units digit of p?
1
Let w(l) = l**3 + 10*l**2 + 4*l - 6. Let i(g) = g**3 + 11*g**2 + 4*g - 6. Let b(m) = -4*i(m) + 5*w(m). What is the tens digit of b(-4)?
1
Let a be (10 - 495/(-6))*16/(-10). Let c(g) = 23*g**2 + 3. Let u be c(-3). Let s = a + u. What is the units digit of s?
2
What is the units digit of (-296)/30*6*(-4 - 1)?
6
Suppose 9*y - 8*y - 3*l + 185 = 0, -y + 2*l = 180. Let r = y - -482. What is the units digit of r?
2
Let n(b) = 5*b**3 - 3*b**2 - 6*b + 6. Let v be n(3). Suppose -100 = -2*l + v. What is the tens digit of l?
9
Let a = -16 - -16. Let q(b) = -3*b + 40. Let u be q(a). Suppose 12 + u = z. What is the tens digit of z?
5
Suppose 426*f - 448*f + 11880 = 0. What is the units digit of f?
0
Suppose 32*r - 26675 = 7*r. What is the tens digit of r?
6
Suppose 218*o - 196*o = 35332. What is the units digit of o?
6
Suppose -b + 178 = -0*a - 3*a, -9 = 3*a. What is the tens digit of b?
6
Let z be (2 - 6) + 7 + 0. Suppose 436 = 3*k + t, -z*k = k + 4*t - 576. What is the units digit of k?
6
Let k(r) = -r**3 + 8*r**2 + 4*r + 3. Suppose 3*z = -z - 56. Let l = -6 - z. What is the units digit of k(l)?
5
Let q(y) = 24*y + 23. What is the hundreds digit of q(9)?
2
Let z(i) = -i**3 - 3*i**2 + 5*i + 6. Let k be z(-4). Suppose -2*b - 3*b + 48 = -k*p, 0 = -2*b + p + 20. Suppose -92 + b = -3*y. What is the tens digit of y?
2
Let o be (-6)/((-3)/(3/2)). Suppose 2*u + 4*y - 42 = 2*y, -o*y - 13 = -u. Let v = -13 + u. What is the units digit of v?
6
Let x be -1*(0 - (1 + -2)). Let s(a) = -a**2 + a. Let f(o) = -3*o**3 - 5*o**2 + 4*o. Let q(w) = x*f(w) + 3*s(w). What is the units digit of q(1)?
4
Let i(j) be the first derivative of -2*j**3/3 + 11*j**2/2 + j + 1. Let o be i(6). Let x(u) = u**2 + 2*u - 6. What is the units digit of x(o)?
9
Let p = -39 + 41. What is the tens digit of (-1068)/(-14) + ((-48)/(-28) - p)?
7
Let h = 112 + 319. What is the tens digit of h?
3
Let j(h) = 9*h + 7. Let u(y) = -y. Let d(f) = -j(f) - 3*u(f). Suppose 9 + 7 = -4*n. What is the units digit of d(n)?
7
Let f be (-12 - -9)*14/3. Let i = 34 + f. What is the tens digit of i?
2
Let x(h) = h**2 - 19*h + 17. Suppose 0 = 2*c - 167 + 125. What is the units digit of x(c)?
9
Let y(i) = -6*i**3 - 1. Let u be y(-1). Suppose -u*q + 111 = -94. What is the units digit of q?
1
Let u(f) = f**2 + 2*f + 1. Let q be u(-2). Let c be (0 - 0) + q/(-1). What is the tens digit of 1*4/c*-3?
1
Suppose -5*d - q + 6 = 4, -2*d - 5*q + 10 = 0. Let u be (-3 - -3)*1 + d. Suppose 38*b - 37*b - 9 = u. What is the units digit of b?
9
Suppose -k - 4*s + 10 = 0, -2*k + 6 = -4*k + 5*s. Suppose -4*n + 134 = -2*n - k*m, -4*m = 8. What is the tens digit of n?
6
Let i = -10 + 20. Let d be (1 + (-39)/(-6))*(-2)/(-3). Suppose -d*c - 245 = -i*c. What is the tens digit of c?
4
Let q(o) = -1 + 10*o - o**2 + 2 + 1. Let k be (-4 - -3)/(-2 - (-26)/14). What is the units digit of q(k)?
3
Let g(a) = a**